{"id":41,"date":"2025-03-03T14:11:08","date_gmt":"2025-03-03T13:11:08","guid":{"rendered":"https:\/\/conyflinkit.com\/?page_id=41"},"modified":"2025-03-05T14:40:36","modified_gmt":"2025-03-05T13:40:36","slug":"kontakt","status":"publish","type":"page","link":"https:\/\/conyflinkit.com\/?page_id=41","title":{"rendered":"Kontakt"},"content":{"rendered":"\n<div class=\"wp-block-group has-gradient-six-gradient-background has-background is-layout-constrained wp-container-core-group-is-layout-e6f1036d wp-block-group-is-layout-constrained\" style=\"margin-top:0;margin-bottom:0;padding-top:0;padding-right:0;padding-bottom:0;padding-left:0\">\n<div class=\"wp-block-group is-layout-constrained wp-container-core-group-is-layout-d8b2b915 wp-block-group-is-layout-constrained\" style=\"padding-top:var(--wp--preset--spacing--40)\"><\/div>\n\n\n\n<div class=\"wp-block-gmap-gmap-block gmap-block-uzie8if7\"><iframe src=\"https:\/\/maps.google.com\/maps?q=Robert-Bosch-Str.+30a+63303+Dreieich&amp;z=10&amp;t=roadmap&amp;output=embed\" class=\"embd-map\" title=\"Robert-Bosch-Str. 30a 63303 Dreieich\"><\/iframe><\/div>\n\n\n\n<div class=\"wp-block-group is-layout-constrained wp-container-core-group-is-layout-9fdcf66f wp-block-group-is-layout-constrained\" style=\"margin-top:0;margin-bottom:0;padding-top:var(--wp--preset--spacing--80);padding-right:var(--wp--preset--spacing--40);padding-bottom:var(--wp--preset--spacing--80);padding-left:var(--wp--preset--spacing--40)\">\n<div class=\"wp-block-group is-layout-constrained wp-container-core-group-is-layout-f14046ae wp-block-group-is-layout-constrained\" style=\"margin-bottom:60px\">\n<div class=\"wp-block-group is-content-justification-left is-layout-constrained wp-container-core-group-is-layout-427925ea wp-block-group-is-layout-constrained\">\n<h1 class=\"wp-block-heading has-light-color-color has-text-color has-link-color wp-elements-88f37c9c959ae4c2c3bd0a956ebd4238\" style=\"font-style:normal;font-weight:800\">Kontaktiere uns<\/h1>\n\n\n\n<p class=\"has-foreground-alt-color has-text-color has-link-color wp-elements-e642be3e6fed0e7019c109f237ce32df\" style=\"font-size:clamp(14px, 0.875rem + ((1vw - 3.2px) * 0.244), 18px);line-height:1.7\">Hast du Fragen oder m\u00f6chtest mehr dar\u00fcber erfahren, wie unsere Softwarel\u00f6sungen dein Unternehmen verbessern k\u00f6nnen? Wir stehen dir gerne zur Verf\u00fcgung!<\/p>\n<\/div>\n\n\n\n<div class=\"wp-block-columns are-vertically-aligned-top is-layout-flex wp-container-core-columns-is-layout-1a2d6aa2 wp-block-columns-is-layout-flex\">\n<div class=\"wp-block-column is-vertically-aligned-top is-layout-flow wp-block-column-is-layout-flow\">\n<div class=\"wp-block-group is-vertical is-layout-flex wp-container-core-group-is-layout-433b0e1d wp-block-group-is-layout-flex\" style=\"margin-top:30px\">\n<h4 class=\"wp-block-heading has-light-color-color has-text-color has-link-color wp-elements-ae6470e55da08a70d310634ec2c7f7e2\">Addresse:<\/h4>\n\n\n\n<p class=\"has-sub-heading-color-color has-text-color\" style=\"font-size:clamp(14px, 0.875rem + ((1vw - 3.2px) * 0.244), 18px);font-style:normal;font-weight:500;line-height:1.6\"><a href=\"#\">Cony Flink GmbH<br>Robert-Bosch-Str. 30a<br>63303 Dreieich<\/a><\/p>\n<\/div>\n\n\n\n<div class=\"wp-block-group is-vertical is-layout-flex wp-container-core-group-is-layout-951bfa9f wp-block-group-is-layout-flex\" style=\"margin-top:24px\">\n<h4 class=\"wp-block-heading has-light-color-color has-text-color has-link-color wp-elements-ced62f92585a2cc08cbb1088ce615b05\">Telefon:<\/h4>\n\n\n\n<p class=\"has-sub-heading-color-color has-text-color\" style=\"font-size:clamp(14px, 0.875rem + ((1vw - 3.2px) * 0.244), 18px);font-style:normal;font-weight:500;line-height:1.6\"><a href=\"#\"><a href=\"#\">+49 61 03 388 90 61<\/a><\/a><\/p>\n<\/div>\n\n\n\n<div class=\"wp-block-group is-vertical is-layout-flex wp-container-core-group-is-layout-951bfa9f wp-block-group-is-layout-flex\" style=\"margin-top:24px\">\n<h4 class=\"wp-block-heading has-light-color-color has-text-color has-link-color wp-elements-45a3b441bd3944b628fa1d76bbb8a219\">Email:<\/h4>\n\n\n\n<p class=\"has-sub-heading-color-color has-text-color\" style=\"font-size:clamp(14px, 0.875rem + ((1vw - 3.2px) * 0.244), 18px);font-style:normal;font-weight:500;line-height:1.6\"><a href=\"#\"><a href=\"#\">info@conyflink.com<\/a><\/a><\/p>\n<\/div>\n\n\n\n<ul class=\"wp-block-social-links is-content-justification-left is-layout-flex wp-container-core-social-links-is-layout-e8fee2cc wp-block-social-links-is-layout-flex\" style=\"margin-top:40px\"><li class=\"wp-social-link wp-social-link-facebook  wp-block-social-link\"><a href=\"#\" class=\"wp-block-social-link-anchor\"><svg width=\"24\" height=\"24\" viewBox=\"0 0 24 24\" version=\"1.1\" xmlns=\"http:\/\/www.w3.org\/2000\/svg\" aria-hidden=\"true\" focusable=\"false\"><path d=\"M12 2C6.5 2 2 6.5 2 12c0 5 3.7 9.1 8.4 9.9v-7H7.9V12h2.5V9.8c0-2.5 1.5-3.9 3.8-3.9 1.1 0 2.2.2 2.2.2v2.5h-1.3c-1.2 0-1.6.8-1.6 1.6V12h2.8l-.4 2.9h-2.3v7C18.3 21.1 22 17 22 12c0-5.5-4.5-10-10-10z\"><\/path><\/svg><span class=\"wp-block-social-link-label screen-reader-text\">Facebook<\/span><\/a><\/li>\n\n<li class=\"wp-social-link wp-social-link-linkedin  wp-block-social-link\"><a href=\"#\" class=\"wp-block-social-link-anchor\"><svg width=\"24\" height=\"24\" viewBox=\"0 0 24 24\" version=\"1.1\" xmlns=\"http:\/\/www.w3.org\/2000\/svg\" aria-hidden=\"true\" focusable=\"false\"><path d=\"M19.7,3H4.3C3.582,3,3,3.582,3,4.3v15.4C3,20.418,3.582,21,4.3,21h15.4c0.718,0,1.3-0.582,1.3-1.3V4.3 C21,3.582,20.418,3,19.7,3z M8.339,18.338H5.667v-8.59h2.672V18.338z M7.004,8.574c-0.857,0-1.549-0.694-1.549-1.548 c0-0.855,0.691-1.548,1.549-1.548c0.854,0,1.547,0.694,1.547,1.548C8.551,7.881,7.858,8.574,7.004,8.574z M18.339,18.338h-2.669 v-4.177c0-0.996-0.017-2.278-1.387-2.278c-1.389,0-1.601,1.086-1.601,2.206v4.249h-2.667v-8.59h2.559v1.174h0.037 c0.356-0.675,1.227-1.387,2.526-1.387c2.703,0,3.203,1.779,3.203,4.092V18.338z\"><\/path><\/svg><span class=\"wp-block-social-link-label screen-reader-text\">LinkedIn<\/span><\/a><\/li>\n\n<li class=\"wp-social-link wp-social-link-telegram  wp-block-social-link\"><a href=\"#\" class=\"wp-block-social-link-anchor\"><svg width=\"24\" height=\"24\" viewBox=\"0 0 128 128\" version=\"1.1\" xmlns=\"http:\/\/www.w3.org\/2000\/svg\" aria-hidden=\"true\" focusable=\"false\"><path d=\"M28.9700376,63.3244248 C47.6273373,55.1957357 60.0684594,49.8368063 66.2934036,47.2476366 C84.0668845,39.855031 87.7600616,38.5708563 90.1672227,38.528 C90.6966555,38.5191258 91.8804274,38.6503351 92.6472251,39.2725385 C93.294694,39.7979149 93.4728387,40.5076237 93.5580865,41.0057381 C93.6433345,41.5038525 93.7494885,42.63857 93.6651041,43.5252052 C92.7019529,53.6451182 88.5344133,78.2034783 86.4142057,89.5379542 C85.5170662,94.3339958 83.750571,95.9420841 82.0403991,96.0994568 C78.3237996,96.4414641 75.5015827,93.6432685 71.9018743,91.2836143 C66.2690414,87.5912212 63.0868492,85.2926952 57.6192095,81.6896017 C51.3004058,77.5256038 55.3966232,75.2369981 58.9976911,71.4967761 C59.9401076,70.5179421 76.3155302,55.6232293 76.6324771,54.2720454 C76.6721165,54.1030573 76.7089039,53.4731496 76.3346867,53.1405352 C75.9604695,52.8079208 75.4081573,52.921662 75.0095933,53.0121213 C74.444641,53.1403447 65.4461175,59.0880351 48.0140228,70.8551922 C45.4598218,72.6091037 43.1463059,73.4636682 41.0734751,73.4188859 C38.7883453,73.3695169 34.3926725,72.1268388 31.1249416,71.0646282 C27.1169366,69.7617838 23.931454,69.0729605 24.208838,66.8603276 C24.3533167,65.7078514 25.9403832,64.5292172 28.9700376,63.3244248 Z\" \/><\/svg><span class=\"wp-block-social-link-label screen-reader-text\">Telegram<\/span><\/a><\/li><\/ul>\n<\/div>\n\n\n\n<div class=\"wp-block-column is-vertically-aligned-top is-layout-flow wp-block-column-is-layout-flow\" style=\"flex-basis:60%\">\n<h4 class=\"wp-block-heading has-foreground-alt-color has-text-color has-link-color wp-elements-2c73d93008731c3a900f8066d06c4b20\">Termin vereinbaren<\/h4>\n\n\n\n<script>\n  if (typeof hasAmeliaEntitiesApiCall === 'undefined' && ('' === '' && '' !== '1')) {\n    var hasAmeliaEntitiesApiCall = true;\n  }\n  var ameliaShortcodeData = (typeof ameliaShortcodeData === 'undefined') ? [] : ameliaShortcodeData;\n  ameliaShortcodeData.push(\n    {\n      'hasApiCall': (typeof hasAmeliaEntitiesApiCall !== 'undefined') && hasAmeliaEntitiesApiCall,\n      'trigger': '',\n      'trigger_type': '',\n      'triggered_form': 'sbsNew',\n      'in_dialog': '',\n      'show': '',\n      'counter': '1000',\n      'category': '',\n      'service': '',\n      'employee': '',\n      'location': '',\n      'package': '',\n      'layout': '',\n    }\n  );\n\n  var ameliaShortcodeDataTriggered = (typeof ameliaShortcodeDataTriggered === 'undefined') ? [] : ameliaShortcodeDataTriggered;\n  if (ameliaShortcodeData[ameliaShortcodeData.length - 1].trigger !== '') {\n    if (ameliaShortcodeDataTriggered.filter(a => a.counter === ameliaShortcodeData[ameliaShortcodeData.length - 1].counter).length === 0) {\n      ameliaShortcodeDataTriggered.push(ameliaShortcodeData.pop());\n    } else {\n      ameliaShortcodeData.pop()\n    }\n  }\n  if (typeof hasAmeliaEntitiesApiCall !== 'undefined' && hasAmeliaEntitiesApiCall) {\n    hasAmeliaEntitiesApiCall = false;\n  }\n<\/script>\n\n<div\n  id=\"amelia-v2-booking-1000\"\n  class=\"amelia-v2-booking\"\n >\n    <step-form-wrapper><\/step-form-wrapper><\/div>\n\n<\/div>\n<\/div>\n<\/div>\n<\/div>\n<\/div>\n","protected":false},"excerpt":{"rendered":"<p>Kontaktiere uns Hast du Fragen oder m\u00f6chtest mehr dar\u00fcber erfahren, wie unsere Softwarel\u00f6sungen dein Unternehmen verbessern k\u00f6nnen? Wir stehen dir gerne zur Verf\u00fcgung! Addresse: Cony Flink GmbHRobert-Bosch-Str. 30a63303 Dreieich Telefon: +49 61 03 388 90 61 Email: info@conyflink.com Termin vereinbaren<\/p>\n","protected":false},"author":3,"featured_media":0,"parent":0,"menu_order":0,"comment_status":"closed","ping_status":"closed","template":"","meta":{"footnotes":""},"class_list":["post-41","page","type-page","status-publish","hentry"],"yoast_head":"<!-- This site is optimized with the Yoast SEO plugin v25.1 - https:\/\/yoast.com\/wordpress\/plugins\/seo\/ -->\n<title>Kontakt - ConyFlink IT<\/title>\n<meta name=\"robots\" content=\"index, follow, max-snippet:-1, max-image-preview:large, max-video-preview:-1\" \/>\n<link rel=\"canonical\" href=\"https:\/\/conyflinkit.com\/?page_id=41\" \/>\n<meta property=\"og:locale\" content=\"de_DE\" \/>\n<meta property=\"og:type\" content=\"article\" \/>\n<meta property=\"og:title\" content=\"Kontakt - ConyFlink IT\" \/>\n<meta property=\"og:description\" content=\"Kontaktiere uns Hast du Fragen oder m\u00f6chtest mehr dar\u00fcber erfahren, wie unsere Softwarel\u00f6sungen dein Unternehmen verbessern k\u00f6nnen? Wir stehen dir gerne zur Verf\u00fcgung! Addresse: Cony Flink GmbHRobert-Bosch-Str. 30a63303 Dreieich Telefon: +49 61 03 388 90 61 Email: info@conyflink.com Termin vereinbaren\" \/>\n<meta property=\"og:url\" content=\"https:\/\/conyflinkit.com\/?page_id=41\" \/>\n<meta property=\"og:site_name\" content=\"ConyFlink IT\" \/>\n<meta property=\"article:modified_time\" content=\"2025-03-05T13:40:36+00:00\" \/>\n<meta name=\"twitter:card\" content=\"summary_large_image\" \/>\n<script type=\"application\/ld+json\" class=\"yoast-schema-graph\">{\"@context\":\"https:\/\/schema.org\",\"@graph\":[{\"@type\":\"WebPage\",\"@id\":\"https:\/\/conyflinkit.com\/?page_id=41\",\"url\":\"https:\/\/conyflinkit.com\/?page_id=41\",\"name\":\"Kontakt - ConyFlink IT\",\"isPartOf\":{\"@id\":\"https:\/\/conyflinkit.com\/#website\"},\"datePublished\":\"2025-03-03T13:11:08+00:00\",\"dateModified\":\"2025-03-05T13:40:36+00:00\",\"breadcrumb\":{\"@id\":\"https:\/\/conyflinkit.com\/?page_id=41#breadcrumb\"},\"inLanguage\":\"de\",\"potentialAction\":[{\"@type\":\"ReadAction\",\"target\":[\"https:\/\/conyflinkit.com\/?page_id=41\"]}]},{\"@type\":\"BreadcrumbList\",\"@id\":\"https:\/\/conyflinkit.com\/?page_id=41#breadcrumb\",\"itemListElement\":[{\"@type\":\"ListItem\",\"position\":1,\"name\":\"Startseite\",\"item\":\"https:\/\/conyflinkit.com\/\"},{\"@type\":\"ListItem\",\"position\":2,\"name\":\"Kontakt\"}]},{\"@type\":\"WebSite\",\"@id\":\"https:\/\/conyflinkit.com\/#website\",\"url\":\"https:\/\/conyflinkit.com\/\",\"name\":\"ConyFlink IT\",\"description\":\"\",\"publisher\":{\"@id\":\"https:\/\/conyflinkit.com\/#organization\"},\"potentialAction\":[{\"@type\":\"SearchAction\",\"target\":{\"@type\":\"EntryPoint\",\"urlTemplate\":\"https:\/\/conyflinkit.com\/?s={search_term_string}\"},\"query-input\":{\"@type\":\"PropertyValueSpecification\",\"valueRequired\":true,\"valueName\":\"search_term_string\"}}],\"inLanguage\":\"de\"},{\"@type\":\"Organization\",\"@id\":\"https:\/\/conyflinkit.com\/#organization\",\"name\":\"ConyFlink IT\",\"url\":\"https:\/\/conyflinkit.com\/\",\"logo\":{\"@type\":\"ImageObject\",\"inLanguage\":\"de\",\"@id\":\"https:\/\/conyflinkit.com\/#\/schema\/logo\/image\/\",\"url\":\"https:\/\/conyflinkit.com\/wp-content\/uploads\/2025\/03\/fb-profile.png\",\"contentUrl\":\"https:\/\/conyflinkit.com\/wp-content\/uploads\/2025\/03\/fb-profile.png\",\"width\":180,\"height\":180,\"caption\":\"ConyFlink IT\"},\"image\":{\"@id\":\"https:\/\/conyflinkit.com\/#\/schema\/logo\/image\/\"},\"sameAs\":[\"https:\/\/www.instagram.com\/conyflinkit\/\"]}]}<\/script>\n<!-- \/ Yoast SEO plugin. -->","yoast_head_json":{"title":"Kontakt - ConyFlink IT","robots":{"index":"index","follow":"follow","max-snippet":"max-snippet:-1","max-image-preview":"max-image-preview:large","max-video-preview":"max-video-preview:-1"},"canonical":"https:\/\/conyflinkit.com\/?page_id=41","og_locale":"de_DE","og_type":"article","og_title":"Kontakt - ConyFlink IT","og_description":"Kontaktiere uns Hast du Fragen oder m\u00f6chtest mehr dar\u00fcber erfahren, wie unsere Softwarel\u00f6sungen dein Unternehmen verbessern k\u00f6nnen? Wir stehen dir gerne zur Verf\u00fcgung! Addresse: Cony Flink GmbHRobert-Bosch-Str. 30a63303 Dreieich Telefon: +49 61 03 388 90 61 Email: info@conyflink.com Termin vereinbaren","og_url":"https:\/\/conyflinkit.com\/?page_id=41","og_site_name":"ConyFlink IT","article_modified_time":"2025-03-05T13:40:36+00:00","twitter_card":"summary_large_image","schema":{"@context":"https:\/\/schema.org","@graph":[{"@type":"WebPage","@id":"https:\/\/conyflinkit.com\/?page_id=41","url":"https:\/\/conyflinkit.com\/?page_id=41","name":"Kontakt - ConyFlink IT","isPartOf":{"@id":"https:\/\/conyflinkit.com\/#website"},"datePublished":"2025-03-03T13:11:08+00:00","dateModified":"2025-03-05T13:40:36+00:00","breadcrumb":{"@id":"https:\/\/conyflinkit.com\/?page_id=41#breadcrumb"},"inLanguage":"de","potentialAction":[{"@type":"ReadAction","target":["https:\/\/conyflinkit.com\/?page_id=41"]}]},{"@type":"BreadcrumbList","@id":"https:\/\/conyflinkit.com\/?page_id=41#breadcrumb","itemListElement":[{"@type":"ListItem","position":1,"name":"Startseite","item":"https:\/\/conyflinkit.com\/"},{"@type":"ListItem","position":2,"name":"Kontakt"}]},{"@type":"WebSite","@id":"https:\/\/conyflinkit.com\/#website","url":"https:\/\/conyflinkit.com\/","name":"ConyFlink IT","description":"","publisher":{"@id":"https:\/\/conyflinkit.com\/#organization"},"potentialAction":[{"@type":"SearchAction","target":{"@type":"EntryPoint","urlTemplate":"https:\/\/conyflinkit.com\/?s={search_term_string}"},"query-input":{"@type":"PropertyValueSpecification","valueRequired":true,"valueName":"search_term_string"}}],"inLanguage":"de"},{"@type":"Organization","@id":"https:\/\/conyflinkit.com\/#organization","name":"ConyFlink IT","url":"https:\/\/conyflinkit.com\/","logo":{"@type":"ImageObject","inLanguage":"de","@id":"https:\/\/conyflinkit.com\/#\/schema\/logo\/image\/","url":"https:\/\/conyflinkit.com\/wp-content\/uploads\/2025\/03\/fb-profile.png","contentUrl":"https:\/\/conyflinkit.com\/wp-content\/uploads\/2025\/03\/fb-profile.png","width":180,"height":180,"caption":"ConyFlink IT"},"image":{"@id":"https:\/\/conyflinkit.com\/#\/schema\/logo\/image\/"},"sameAs":["https:\/\/www.instagram.com\/conyflinkit\/"]}]}},"_links":{"self":[{"href":"https:\/\/conyflinkit.com\/index.php?rest_route=\/wp\/v2\/pages\/41","targetHints":{"allow":["GET"]}}],"collection":[{"href":"https:\/\/conyflinkit.com\/index.php?rest_route=\/wp\/v2\/pages"}],"about":[{"href":"https:\/\/conyflinkit.com\/index.php?rest_route=\/wp\/v2\/types\/page"}],"author":[{"embeddable":true,"href":"https:\/\/conyflinkit.com\/index.php?rest_route=\/wp\/v2\/users\/3"}],"replies":[{"embeddable":true,"href":"https:\/\/conyflinkit.com\/index.php?rest_route=%2Fwp%2Fv2%2Fcomments&post=41"}],"version-history":[{"count":8,"href":"https:\/\/conyflinkit.com\/index.php?rest_route=\/wp\/v2\/pages\/41\/revisions"}],"predecessor-version":[{"id":134,"href":"https:\/\/conyflinkit.com\/index.php?rest_route=\/wp\/v2\/pages\/41\/revisions\/134"}],"wp:attachment":[{"href":"https:\/\/conyflinkit.com\/index.php?rest_route=%2Fwp%2Fv2%2Fmedia&parent=41"}],"curies":[{"name":"wp","href":"https:\/\/api.w.org\/{rel}","templated":true}]}}